65?
False
Does 8 divide 193448?
True
Is 821279 a multiple of 19?
False
Does 240 divide 418080?
True
Does 859 divide 2253790?
False
Is 151 a factor of 8415?
False
Does 321 divide 147094?
False
Is 1851499 a multiple of 38?
False
Is 56854 a multiple of 31?
True
Is 159237 a multiple of 21?
False
Is 893714 a multiple of 26?
False
Does 4 divide 29331?
False
Does 114 divide 440496?
True
Is 22196 a multiple of 62?
True
Is 1782639 a multiple of 196?
False
Is 137 a factor of 6120886?
True
Does 32 divide 2849120?
True
Is 280 a factor of 533960?
True
Is 5184 a multiple of 5?
False
Is 639331 a multiple of 6?
False
Does 4 divide 1030080?
True
Does 447 divide 1033613?
False
Is 373544 a multiple of 3?
False
Is 1389 a factor of 6809979?
False
Does 949 divide 6340408?
False
Is 43 a factor of 335045?
False
Is 473244 a multiple of 698?
True
Does 22 divide 4083618?
True
Does 9 divide 1350772?
False
Is 58 a factor of 42920?
True
Is 7 a factor of 58130?
False
Is 1927735 a multiple of 116?
False
Does 75 divide 340545?
False
Does 237 divide 398803?
False
Is 117883 a multiple of 215?
False
Is 234 a factor of 258060?
False
Does 15 divide 3554565?
True
Is 951432 a multiple of 8?
True
Is 8 a factor of 346416?
True
Is 53 a factor of 96011?
False
Is 135916 a multiple of 44?
True
Is 692685 a multiple of 35?
True
Is 816180 a multiple of 669?
True
Is 511 a factor of 374783?
False
Does 251 divide 1101046?
False
Is 7 a factor of 1124452?
True
Does 63 divide 151263?
True
Is 8175557 a multiple of 481?
True
Does 5 divide 225860?
True
Is 287 a factor of 4001?
False
Is 121680 a multiple of 104?
True
Is 6 a factor of 71724?
True
Does 4 divide 1038972?
True
Does 21 divide 11361821?
False
Does 10 divide 308580?
True
Does 110 divide 213116?
False
Is 311472 a multiple of 28?
True
Does 5 divide 255801?
False
Does 15 divide 7650?
True
Is 5671545 a multiple of 15?
True
Is 17 a factor of 131376?
True
Does 596 divide 596596?
True
Is 50490 a multiple of 255?
True
Does 901 divide 552475?
False
Is 4559014 a multiple of 75?
False
Is 1867 a factor of 13200313?
False
Is 282620 a multiple of 130?
True
Does 363 divide 11979?
True
Is 3091578 a multiple of 198?
False
Is 7034623 a multiple of 13?
False
Is 391237 a multiple of 16?
False
Is 70594 a multiple of 7?
False
Is 58996 a multiple of 7?
True
Does 91 divide 9124202?
False
Is 446557 a multiple of 3?
False
Does 3 divide 338949?
True
Is 5851 even?
False
Is 2122832 a multiple of 16?
True
Does 54 divide 718308?
True
Does 61 divide 382243?
False
Is 82 a factor of 94048?
False
Does 141 divide 928854?
False
Does 208 divide 1929650?
False
Is 19 a factor of 94259?
True
Is 1503686 a multiple of 62?
True
Does 144 divide 204768?
True
Does 69 divide 34224?
True
Does 258 divide 327347?
False
Does 2 divide 110583?
False
Is 138 a factor of 1056252?
True
Is 413 a factor of 1800491?
False
Is 233305 a multiple of 5?
True
Is 15 a factor of 132885?
True
Does 906 divide 5525628?
False
Is 400 a factor of 104703?
False
Is 1126 a factor of 2874678?
True
Is 11 a factor of 11088695?
False
Is 1211180 a multiple of 92?
True
Is 1302863 a multiple of 34?
False
Does 6 divide 122322?
True
Is 214934 a multiple of 16?
False
Is 283 a factor of 2883204?
True
Is 447340 a multiple of 20?
True
Does 6 divide 885822?
True
Is 664106 even?
True
Is 111695 a multiple of 445?
True
Is 5834149 a multiple of 181?
False
Is 149 a factor of 929313?
True
Is 29 a factor of 36077?
False
Is 1440668 a multiple of 100?
False
Does 9 divide 1172286?
True
Does 5 divide 59690?
True
Does 48 divide 8400159?
False
Does 20 divide 120980?
True
Is 24 a factor of 103248?
True
Does 83 divide 252486?
True
Is 8 a factor of 3016832?
True
Does 1579 divide 15044712?
True
Does 77 divide 264572?
True
Is 80 a factor of 341360?
True
Does 350 divide 312200?
True
Is 44 a factor of 6503548?
False
Does 32 divide 63942?
False
Is 17 a factor of 40030650?
False
Does 138 divide 235428?
True
Does 12 divide 439356?
True
Is 172 a factor of 199176?
True
Is 51 a factor of 146410?
False
Is 683 a factor of 357412?
False
Does 9 divide 820980?
True
Is 12 a factor of 42244?
False
Does 268 divide 52854?
False
Does 6 divide 23445?
False
Does 142 divide 123989?
False
Does 8 divide 2079264?
True
Is 557745 a multiple of 12?
False
Is 33 a factor of 672025?
False
Does 689 divide 176384?
True
Is 11 a factor of 119196?
True
Does 11 divide 183568?
True
Does 61 divide 511327?
False
Is 747137 a multiple of 13?
False
Is 1856680 a multiple of 56?
True
Does 6 divide 35022?
True
Is 7 a factor of 27083?
True
Does 121 divide 118068?
False
Is 75 a factor of 222175?
False
Is 206532 a multiple of 13?
False
Is 96 a factor of 4424544?
True
Does 11 divide 585017?
False
Does 185 divide 219916?
False
Is 317952 a multiple of 36?
True
Is 28 a factor of 990248?
True
Is 138 a factor of 1921253?
False
Is 241538 a multiple of 22?
True
Does 88 divide 3104641?
False
Is 14343188 a multiple of 18?
False
Is 1962792 a multiple of 417?
False
Is 40 a factor of 867440?
True
Does 2 divide 833537?
False
Does 283 divide 1873563?
False
Does 47 divide 323078?
True
Does 240 divide 114725?
False
Is 85306 a multiple of 26?
True
Is 14 a factor of 12132126?
False
Is 85 a factor of 12007319?
False
Is 3 a factor of 1363145?
False
Does 316 divide 294196?
True
Is 12 a factor of 57197?
False
Is 744324 a multiple of 12?
True
Does 22 divide 325358?
True
Is 881672 a multiple of 23?
False
Does 60 divide 1470773?
False
Is 3720666 a multiple of 19?
False
Does 23 divide 778322?
False
Is 3 a factor of 264061?
False
Is 11117 a multiple of 5?
False
Does 8 divide 334024?
True
Is 771556 a multiple of 47?
False
Is 364605 a multiple of 18?
False
Is 656488 a multiple of 266?
True
Does 4 divide 244080?
True
Does 1094 divide 3774300?
True
Is 4101100 a multiple of 100?
True
Is 67 a factor of 135608?
True
Is 707501 a multiple of 11?
False
Is 2 a factor of 6950558?
True
Does 17 divide 1168824?
False
Does 894 divide 3987240?
True
Is 1908385 a multiple of 34?
False
Is 35290 a multiple of 13?
False
Is 30 a factor of 3870?
True
Is 29 a factor of 841058?
True
Is 26962 a multiple of 122?
True
Is 409040 a multiple of 1014?
False
Is 515508 a multiple of 51?
True
Does 943 divide 15724525?
True
Does 598 divide 96278?
True
Is 44 a factor of 9145030?
False
Is 13 a factor of 232310?
True
Does 138 divide 16172567?
False
Does 14 divide 626559?
False
Is 138 a factor of 1514688?
True
Does 29 divide 6812?
False
Is 2142000 a multiple of 63?
True
Is 21 a factor of 63252?
True
Does 14 divide 402533?
False
Does 238 divide 1488341?
False
Does 2 divide 149376?
True
Does 59 divide 112666?
False
Does 653 divide 10500893?
True
Does 57 divide 1548938?
False
Is 124002 a multiple of 6?
True
Is 1848 a factor of 5575416?
True
Does 438 divide 5546473?
False
Is 214 a factor of 3210000?
True
Is 244 a factor of 391552?
False
Is 1357520 a multiple of 10?
True
Does 185 divide 652125?
True
Is 57 a factor of 304608?
True
Does 30 divide 6156600?
True
Does 532 divide 22281756?
True
Is 3818808 a multiple of 47?
False
Is 64528 a multiple of 36?
False
Is 4980 a multiple of 8?
False
Does 19 divide 255508?
False
Is 79263 even?
False
Is 101 a factor of 503184?
False
Is 12601550 a multiple of 15?
False
Is 4 a factor of 2284248?
True
Is 27873417 a multiple of 36?
False
Is 42 a factor of 2252910?
False
Does 48 divide 90329?
False
Does 46 divide 180432?
False
Is 5309451 a multiple of 838?
False
Does 304 divide 9192352?
True
Does 371 divide 200340?
True
Is 22547 a multiple of 23?
False
Does 310 divide 596440?
True
Is 5072804 a multiple of 223?
True
Is 674697 a multiple of 134?
False
Is 403068 a multiple of 4?
True
Is 304377 a multiple of 30?
False
Is 794340 a multiple of 108?
True
Is 54684 a multiple of 84?
True
Is 29 a factor of 51678?
True
Is 703 a factor of 2945570?
True
Is 238259 a multiple of 34?
False
Does 288 divide 152267?
False
Does 60 divide 50940?
True
Does 46 divide 225243?
False
Is 45205 a multiple of 155?
False
Is 56 a factor of 38058299?
False
Does 12 divide 406296?
True
Is 68 a factor of 1130228?
True
Is 21060 a multiple of 39?
True
Is 1109 a factor of 1440591?
True
Is 22 a factor of 1204919?
False
Is 188643 a multiple of 39?
True
Is 55 a factor of 27995?
True
Does 8 divide 27928?
True
Is 296764 a multiple of 37?
False
Is 24 a factor of 458976?
True
Is